n factor of 30785 and 18565?
235
What is the greatest common divisor of 884 and 27710?
34
Calculate the greatest common divisor of 226579 and 279.
31
Calculate the highest common divisor of 440 and 155760.
440
What is the highest common factor of 6288678 and 108?
54
Calculate the greatest common divisor of 1403 and 8113.
61
Calculate the greatest common divisor of 4117737 and 1482.
741
What is the highest common divisor of 7774800 and 80?
80
Calculate the highest common divisor of 162 and 26748.
18
What is the greatest common factor of 13945 and 5?
5
Calculate the greatest common divisor of 6196 and 4.
4
Calculate the greatest common factor of 858 and 8003710.
286
Calculate the highest common factor of 544560 and 5280.
240
Calculate the highest common factor of 64437 and 423.
141
What is the greatest common divisor of 246 and 403809?
123
What is the highest common factor of 1521805 and 190?
95
Calculate the highest common divisor of 4268 and 99.
11
Calculate the greatest common factor of 204 and 714.
102
Calculate the highest common factor of 333600 and 32.
32
Calculate the highest common divisor of 170 and 502160.
10
What is the highest common factor of 81865 and 70?
35
What is the highest common divisor of 3840 and 168?
24
Calculate the highest common divisor of 1104 and 6739.
23
Calculate the highest common divisor of 3142120 and 50.
10
What is the greatest common factor of 7391 and 38?
19
What is the highest common factor of 12071 and 13?
1
Calculate the greatest common divisor of 3550 and 4850.
50
What is the highest common divisor of 7007 and 10395?
77
Calculate the greatest common factor of 10778 and 16.
2
Calculate the highest common factor of 27588 and 561.
33
What is the highest common divisor of 900 and 82700?
100
Calculate the highest common factor of 891 and 10611.
81
What is the highest common divisor of 72 and 335232?
72
Calculate the greatest common factor of 50190 and 14.
14
What is the greatest common divisor of 51842 and 98?
98
What is the greatest common divisor of 54612 and 111?
111
What is the highest common factor of 31790783 and 541?
541
What is the greatest common factor of 85 and 1500403?
17
Calculate the greatest common factor of 268621 and 86.
43
What is the highest common divisor of 690 and 1590?
30
Calculate the highest common divisor of 1250 and 30850.
50
Calculate the greatest common divisor of 4160 and 2144.
32
Calculate the greatest common factor of 5880 and 146265.
735
What is the greatest common divisor of 112 and 72160?
16
What is the greatest common divisor of 17930 and 174350?
110
Calculate the highest common divisor of 151652 and 124.
124
What is the greatest common factor of 8250 and 759?
33
What is the greatest common divisor of 1780 and 12780?
20
What is the greatest common divisor of 264061 and 5831?
833
What is the highest common divisor of 819185 and 190?
95
Calculate the highest common divisor of 1274 and 448.
14
Calculate the highest common divisor of 1209 and 6565273.
403
What is the greatest common divisor of 198 and 1026?
18
What is the highest common factor of 806 and 170469?
403
Calculate the greatest common factor of 46519 and 440.
11
Calculate the highest common factor of 3871761 and 1146.
573
What is the highest common factor of 5811 and 2533?
149
Calculate the highest common divisor of 1962 and 70974.
18
What is the highest common factor of 4 and 226246?
2
Calculate the highest common factor of 772857 and 711.
711
Calculate the highest common divisor of 17079 and 12.
3
Calculate the greatest common divisor of 1275 and 345.
15
Calculate the greatest common factor of 20112 and 32.
16
Calculate the greatest common divisor of 14921 and 370249.
347
Calculate the highest common factor of 216 and 524610.
54
Calculate the highest common factor of 129152 and 128.
128
Calculate the greatest common divisor of 4 and 413.
1
What is the highest common factor of 18894 and 42300?
282
Calculate the highest common factor of 30 and 17067.
3
What is the greatest common divisor of 2656 and 9952?
32
What is the greatest common divisor of 4968 and 2300?
92
Calculate the highest common factor of 2390 and 510.
10
Calculate the highest common divisor of 9 and 87606.
9
What is the highest common divisor of 243615 and 1192?
149
Calculate the greatest common divisor of 825 and 369435.
165
Calculate the greatest common divisor of 175821 and 80229.
1707
What is the greatest common factor of 23 and 6739?
23
Calculate the highest common factor of 1189 and 2291.
29
What is the greatest common factor of 3 and 87369?
3
What is the greatest common divisor of 55 and 15035?
5
What is the highest common divisor of 2 and 13177?
1
Calculate the highest common factor of 16712352 and 207.
207
Calculate the highest common factor of 106253 and 602.
301
What is the greatest common divisor of 293286 and 84?
42
Calculate the highest common factor of 257 and 686704.
257
Calculate the highest common factor of 7680 and 127520.
160
Calculate the greatest common divisor of 806888 and 1047.
349
What is the highest common divisor of 428233 and 13?
13
What is the greatest common divisor of 24 and 78688?
8
What is the greatest common divisor of 720789 and 3?
3
Calculate the greatest common divisor of 13622 and 126.
14
Calculate the greatest common factor of 319 and 569937.
29
Calculate the highest common factor of 72 and 39231.
9
Calculate the highest common factor of 141690 and 600.
30
What is the greatest common divisor of 85 and 2227?
17
Calculate the greatest common divisor of 2705374 and 1038.
346
What is the highest common factor of 8922 and 75?
3
What is the highest common divisor of 159590 and 10?
10
Calculate the greatest common divisor of 524364 and 888.
444
What is the greatest common factor of 199969 and 11660?
583
Calculate the highest common factor of 27112 and 88.
8
Calculate the highest common divisor of 18 and 3824298.
18
Calculate the greatest common factor of 2392 and 1334.
46
Calculate the greatest common divisor of 299211 and 132.
33
What is the greatest common divisor of 12408 and 19624?
88
Calculate the highest common divisor of 131400 and 252.
36
What is the greatest common factor of 536 and 104?
8
Calculate the greatest common factor of 2653 and 19496897.
2653
What is the greatest common divisor of 4 and 54268?
4
Calculate the highest common factor of 23425 and 225.
25
Calculate the greatest common divisor of 90 and 28953.
9
Calculate the greatest common divisor of 249594 and 17.
17
Calculate the greatest common divisor of 1316 and 34776.
28
Calculate the highest common divisor of 17875 and 15587.
143
What is the highest common factor of 1098 and 326472?
366
Calculate the greatest common factor of 7096 and 3688.
8
What is the highest common divisor of 18 and 3057669?
9
What is the greatest common divisor of 68 and 5253?
17
What is the greatest common factor of 14605 and 1541?
23
What is the greatest common divisor of 60995 and 220?
55
What is the highest common divisor of 378 and 41517?
63
Calculate the highest common factor of 190440 and 690.
690
Calculate the greatest common divisor of 9 and 2683413.
9
What is the greatest common divisor of 10176 and 85701?
159
Calculate the highest common divisor of 72 and 149976.
72
What is the greatest common divisor of 1003525 and 25?
25
Calculate the greatest common divisor of 7958 and 1334.
46
Calculate the greatest common divisor of 18801 and 2124.
9
Calculate the greatest common divisor of 324 and 15840.
36
What is the highest common factor of 1001 and 38857?
91
Calculate the highest common divisor of 437 and 4531.
23
Calculate the highest common divisor of 1016 and 43942.
254
What is the greatest common divisor of 24304 and 22320?
496
What is the greatest common divisor of 2271969 and 567?
567
What is the highest common divisor of 4719 and 1248?
39
Calculate the highest common factor of 4805 and 1581.
31
Calculate the highest common factor of 108 and 372573.
27
What is the greatest common divisor of 528801 and 63?
21
What is the greatest common factor of 275 and 179700?
25
What is the greatest common factor of 1417 and 7739?
109
What is the greatest common factor of 20781 and 9?
9
What is the greatest common divisor of 8288 and 448?
224
Calculate the highest common divis